{"id":960,"date":"2025-12-04T19:56:44","date_gmt":"2025-12-04T22:56:44","guid":{"rendered":"http:\/\/lunavitrolira1.hospedagemdesites.ws\/mulheresderepente\/?page_id=960"},"modified":"2026-03-27T16:57:09","modified_gmt":"2026-03-27T19:57:09","slug":"historia","status":"publish","type":"page","link":"https:\/\/mulheresderepente.com.br\/mulheresderepente\/historia\/","title":{"rendered":"Hist\u00f3ria"},"content":{"rendered":"\t\t<div data-elementor-type=\"wp-page\" data-elementor-id=\"960\" class=\"elementor elementor-960\" data-elementor-post-type=\"page\">\n\t\t\t\t\t\t<section class=\"elementor-section elementor-top-section elementor-element elementor-element-17ea26c1 elementor-section-height-min-height elementor-section-boxed elementor-section-height-default elementor-section-items-middle\" data-id=\"17ea26c1\" data-element_type=\"section\" data-e-type=\"section\" data-settings=\"{&quot;background_background&quot;:&quot;classic&quot;}\">\n\t\t\t\t\t\t<div class=\"elementor-container elementor-column-gap-default\">\n\t\t\t\t\t<div class=\"elementor-column elementor-col-100 elementor-top-column elementor-element elementor-element-4e2312f3 elementor-invisible\" data-id=\"4e2312f3\" data-element_type=\"column\" data-e-type=\"column\" data-settings=\"{&quot;animation&quot;:&quot;fadeIn&quot;}\">\n\t\t\t<div class=\"elementor-widget-wrap elementor-element-populated\">\n\t\t\t\t\t\t<div class=\"elementor-element elementor-element-64fd8c elementor-widget elementor-widget-heading\" data-id=\"64fd8c\" data-element_type=\"widget\" data-e-type=\"widget\" data-widget_type=\"heading.default\">\n\t\t\t\t\t<h1 class=\"elementor-heading-title elementor-size-default\">HIST\u00d3RIA<\/h1>\t\t\t\t<\/div>\n\t\t\t\t<div class=\"elementor-element elementor-element-1bc090e2 elementor-widget elementor-widget-image\" data-id=\"1bc090e2\" data-element_type=\"widget\" data-e-type=\"widget\" data-widget_type=\"image.default\">\n\t\t\t\t\t\t\t\t\t\t\t\t\t\t\t<img fetchpriority=\"high\" decoding=\"async\" width=\"500\" height=\"182\" src=\"https:\/\/mulheresderepente.com.br\/mulheresderepente\/wp-content\/uploads\/2025\/11\/Mulheres-de-Repente-passaro-3.gif\" class=\"attachment-large size-large wp-image-627\" alt=\"\" \/>\t\t\t\t\t\t\t\t\t\t\t\t\t\t\t<\/div>\n\t\t\t\t\t<\/div>\n\t\t<\/div>\n\t\t\t\t\t<\/div>\n\t\t<\/section>\n\t\t\t\t<section class=\"elementor-section elementor-top-section elementor-element elementor-element-993d10d elementor-section-full_width elementor-section-height-default elementor-section-height-default\" data-id=\"993d10d\" data-element_type=\"section\" data-e-type=\"section\">\n\t\t\t\t\t\t<div class=\"elementor-container elementor-column-gap-no\">\n\t\t\t\t\t<div class=\"elementor-column elementor-col-100 elementor-top-column elementor-element elementor-element-da22b8a elementor-hidden-desktop\" data-id=\"da22b8a\" data-element_type=\"column\" data-e-type=\"column\" data-settings=\"{&quot;background_background&quot;:&quot;classic&quot;}\">\n\t\t\t<div class=\"elementor-widget-wrap elementor-element-populated\">\n\t\t\t\t\t\t<section class=\"elementor-section elementor-inner-section elementor-element elementor-element-14c036a elementor-section-content-middle elementor-reverse-mobile elementor-section-boxed elementor-section-height-default elementor-section-height-default\" data-id=\"14c036a\" data-element_type=\"section\" data-e-type=\"section\">\n\t\t\t\t\t\t<div class=\"elementor-container elementor-column-gap-default\">\n\t\t\t\t\t<div class=\"elementor-column elementor-col-100 elementor-inner-column elementor-element elementor-element-bcb4c0e\" data-id=\"bcb4c0e\" data-element_type=\"column\" data-e-type=\"column\">\n\t\t\t<div class=\"elementor-widget-wrap elementor-element-populated\">\n\t\t\t\t\t\t<div class=\"elementor-element elementor-element-3fa13b2 elementor-widget elementor-widget-heading\" data-id=\"3fa13b2\" data-element_type=\"widget\" data-e-type=\"widget\" data-widget_type=\"heading.default\">\n\t\t\t\t\t<h2 class=\"elementor-heading-title elementor-size-default\">Conhe\u00e7a Nossa Hist\u00f3ria\n<\/h2>\t\t\t\t<\/div>\n\t\t\t\t<div class=\"elementor-element elementor-element-a1af3e4 elementor-widget-tablet__width-initial elementor-widget-mobile__width-inherit elementor-widget elementor-widget-text-editor\" data-id=\"a1af3e4\" data-element_type=\"widget\" data-e-type=\"widget\" data-widget_type=\"text-editor.default\">\n\t\t\t\t\t\t\t\t\t<p style=\"text-align: justify;\">O <strong>Mulheres de Repente<\/strong> nasceu em 2018, no <strong>Festival de Inverno de Garanhuns<\/strong>, quando pela primeira vez a Mesa de Glosas passou a contar com <strong>quatro mulheres glosadoras, Dayane Rocha, Elenilda Amaral, Erivoneide Amaral e Francisca Ara\u00fajo<\/strong>, reunidas em um mesmo palco. Aquele momento, que poderia ter sido apenas um acontecimento pontual, revelou algo maior: havia ali uma for\u00e7a que quebrava um ciclo hist\u00f3rico de invisibilidade feminina dentro de uma das tradi\u00e7\u00f5es mais antigas e sofisticadas do Nordeste, a tradi\u00e7ao do improviso. Ali, naquele FIG de 2018, percebemos que est\u00e1vamos diante do in\u00edcio de um movimento.<\/p><p style=\"text-align: justify;\">A partir dessa constata\u00e7\u00e3o \u2014 e da emo\u00e7\u00e3o viva de ver mulheres ocupando, com firmeza e maestria, uma arte dominada por homens \u2014 surgiu o desejo de transformar aquele encontro em projeto, pesquisa, mem\u00f3ria e continuidade. Assim nasceu o <strong>Mulheres de Repente<\/strong>, como um gesto de reconhecimento e como uma plataforma para que essas artistas pudessem se ver, se escutar, se fortalecer e ganhar o mundo.<\/p><p style=\"text-align: justify;\">Nos anos seguintes o projeto foi agraciado com a chegada de mais duas glosadoras que foram treinadas e formadas pelas veteranas do of\u00edcio. Da\u00ed por diante, o projeto se estruturou para dar visibilidade \u00e0s \u00fanicas seis mulheres improvisadoras do Sert\u00e3o do Paje\u00fa \u2014 guardi\u00e3s de uma tradi\u00e7\u00e3o que atravessa gera\u00e7\u00f5es. Constru\u00edmos uma miss\u00e3o clara: <strong>honrar, registrar, valorizar e disseminar a arte, a voz e a presen\u00e7a feminina da Mesa de Glosas<\/strong>, garantindo que essa oralidade ancestral n\u00e3o apenas sobreviva, mas se renove a partir delas.<\/p><p style=\"text-align: justify;\">Desde ent\u00e3o, seguimos uma trajet\u00f3ria que mistura estrada, cria\u00e7\u00e3o, pesquisa, forma\u00e7\u00e3o e encantamento. Com o <strong>Mulheres de Repente<\/strong>, realizamos apresenta\u00e7\u00f5es em diferentes territ\u00f3rios: na <strong>Balada Liter\u00e1ria<\/strong>, em S\u00e3o Paulo, numa mesa tem\u00e1tica em homenagem \u00e0 Cooperifa; em Bras\u00edlia, no <strong>Pal\u00e1cio do Itamaraty<\/strong>, trazendo improviso para o semin\u00e1rio \u201cMem\u00f3ria e Democracia\u201d; em Bu\u00edque, na Mostra do Sesc, celebrando a mestra <strong>Mocinha de Passira<\/strong>; Tamb\u00e9m no Festival de Inverno do Sesc, na <strong>Flip Paraty<\/strong>, na <strong>Flup<\/strong>, no Rio de Janeiro; na <strong>Flipel\u00f4<\/strong>, na Bahia, al\u00e9m de rodas, encontros, escolas, outros festivais liter\u00e1rios e celebra\u00e7\u00f5es culturais no pr\u00f3prio Sert\u00e3o do Paje\u00fa.<\/p><p style=\"text-align: justify;\">Nossa miss\u00e3o \u00e9 tamb\u00e9m pol\u00edtica e pedag\u00f3gica: abrir caminhos para que meninas e mulheres sertanejas saibam que h\u00e1 lugar para elas na poesia improvisada; documentar e preservar o legado dessas artistas; formar p\u00fablico; e mostrar ao pa\u00eds que a glosa tem, sim, corpo e voz feminina pulsando dentro dela.<\/p><p style=\"text-align: justify;\">O Mulheres de Repente \u00e9, ao mesmo tempo, raiz e voo. \u00c9 mem\u00f3ria, futuro e repara\u00e7\u00e3o. Nasceu de um instante hist\u00f3rico \u2014 mulheres improvisando juntas \u2014 e se tornou movimento, territ\u00f3rio e afirma\u00e7\u00e3o coletiva.<\/p><p style=\"text-align: justify;\">Seguimos porque sabemos:<br \/><strong>quando uma mulher improvisa, ela canta por todas as que vieram antes \u2014 e abre caminho para todas que vir\u00e3o depois<\/strong>.<\/p>\t\t\t\t\t\t\t\t<\/div>\n\t\t\t\t\t<\/div>\n\t\t<\/div>\n\t\t\t\t\t<\/div>\n\t\t<\/section>\n\t\t\t\t<div class=\"elementor-element elementor-element-22fd507 elementor-absolute elementor-hidden-desktop elementor-hidden-tablet elementor-hidden-mobile elementor-widget elementor-widget-spacer\" data-id=\"22fd507\" data-element_type=\"widget\" data-e-type=\"widget\" data-settings=\"{&quot;_position&quot;:&quot;absolute&quot;}\" data-widget_type=\"spacer.default\">\n\t\t\t\t\t\t\t<div class=\"elementor-spacer\">\n\t\t\t<div class=\"elementor-spacer-inner\"><\/div>\n\t\t<\/div>\n\t\t\t\t\t\t<\/div>\n\t\t\t\t\t<\/div>\n\t\t<\/div>\n\t\t\t\t\t<\/div>\n\t\t<\/section>\n\t\t\t\t<\/div>\n\t\t","protected":false},"excerpt":{"rendered":"<p>HIST\u00d3RIA Conhe\u00e7a Nossa Hist\u00f3ria O Mulheres de Repente nasceu em 2018, no Festival de Inverno de Garanhuns, quando pela primeira vez a Mesa de Glosas passou a contar com quatro mulheres glosadoras, Dayane Rocha, Elenilda Amaral, Erivoneide Amaral e Francisca Ara\u00fajo, reunidas em um mesmo palco. Aquele momento, que poderia ter sido apenas um acontecimento [&hellip;]<\/p>\n","protected":false},"author":1,"featured_media":0,"parent":0,"menu_order":0,"comment_status":"closed","ping_status":"closed","template":"elementor_header_footer","meta":{"footnotes":""},"class_list":["post-960","page","type-page","status-publish","hentry"],"_links":{"self":[{"href":"https:\/\/mulheresderepente.com.br\/mulheresderepente\/wp-json\/wp\/v2\/pages\/960","targetHints":{"allow":["GET"]}}],"collection":[{"href":"https:\/\/mulheresderepente.com.br\/mulheresderepente\/wp-json\/wp\/v2\/pages"}],"about":[{"href":"https:\/\/mulheresderepente.com.br\/mulheresderepente\/wp-json\/wp\/v2\/types\/page"}],"author":[{"embeddable":true,"href":"https:\/\/mulheresderepente.com.br\/mulheresderepente\/wp-json\/wp\/v2\/users\/1"}],"replies":[{"embeddable":true,"href":"https:\/\/mulheresderepente.com.br\/mulheresderepente\/wp-json\/wp\/v2\/comments?post=960"}],"version-history":[{"count":34,"href":"https:\/\/mulheresderepente.com.br\/mulheresderepente\/wp-json\/wp\/v2\/pages\/960\/revisions"}],"predecessor-version":[{"id":1366,"href":"https:\/\/mulheresderepente.com.br\/mulheresderepente\/wp-json\/wp\/v2\/pages\/960\/revisions\/1366"}],"wp:attachment":[{"href":"https:\/\/mulheresderepente.com.br\/mulheresderepente\/wp-json\/wp\/v2\/media?parent=960"}],"curies":[{"name":"wp","href":"https:\/\/api.w.org\/{rel}","templated":true}]}}